+ -393. What are the prime factors of g?
2, 3
Let p(a) = -18*a - 24. Let l be p(-4). Suppose 0 = -42*g + 46*g + l. List the prime factors of g/9*18/16*-34.
3, 17
Suppose 0 = -13*r - 99*r - 35*r + 4686066. List the prime factors of r.
2, 3, 7, 11, 23
Let j(m) be the second derivative of m**4/2 + 11*m**3/6 + 7*m**2/2 + 39*m + 1. List the prime factors of j(7).
2, 3, 7
Suppose 11523 = -36*r - 27141. List the prime factors of (-2)/(-2) + -2 + (5 - r).
2, 7, 11
Let d be 6 - -3 - (-2)/(-1 - 0). Let s = -81 - -81. Suppose s = d*k - 171 - 319. What are the prime factors of k?
2, 5, 7
Let h(b) = -b**2 + 9*b - 4. Let c be h(8). Let m be (0 + 0)/(0 - -1). Suppose -c*r + t = -311, r - t - 80 = -m*r. List the prime factors of r.
7, 11
Let d(n) = -3*n + 1 - 15 + n**2 - 8. Let u be d(11). List the prime factors of (u/7)/(6/42).
2, 3, 11
Let l(y) = 6 - 103*y + 46*y - 55*y - 12. Let f be l(-3). Suppose -4*p - 142 = -2*g, 4*g - 5*p - f = -58. What are the prime factors of g?
3, 7
Let y(f) = 41*f - 114. Let r(b) = 3*b + 94. Let a be r(-27). List the prime factors of y(a).
419
Suppose 3*q = -x - 7, -4*x - 2*q + 12 = -0. Let r(l) = 2*l**2 - 8*l + 4. Let a be r(x). Suppose n = -a + 41. List the prime factors of n.
3
Suppose 39*q - 46*q + 1148 = 0. Suppose 412 + q = 9*y. List the prime factors of ((-1104)/y)/(2/(3*-8)).
3, 23
Let l = 50 - 46. Let y = 130 + -30. Suppose 0 = l*n - 7*g + 3*g - y, 5*n + g - 125 = 0. What are the prime factors of n?
5
Suppose -3*q + 2*b = -33954, -15304 = -3*q - 11*b + 18650. List the prime factors of q.
2, 5659
Let u be (7/(-4))/(26/(-104)). What are the prime factors of u + -5 + 294 - -5?
7, 43
Let y be 2/5 - 46/(-10) - 0. Let r(s) = 44*s**2 - 66*s + 3. What are the prime factors of r(y)?
773
What are the prime factors of 770974/14 + (-3568)/6244?
7, 7867
Let y(a) = 84*a**2 + 64*a - 157. List the prime factors of y(6).
3251
Let k be (-3)/(-1 + 0 + -2)*13. Suppose -11*n - 14 = -k*n. Let b = n + 43. List the prime factors of b.
2, 5
Let c(q) = 237*q**2 + 76*q + 1179. What are the prime factors of c(-17)?
2, 5, 13, 263
Suppose 154*k + 27507 = 3*p + 155*k, -5*p + 45837 = -k. What are the prime factors of p?
2, 3, 191
Let m = 14356 - 13530. What are the prime factors of m?
2, 7, 59
Let v be ((-94)/1)/(4/(-6)). Suppose -9*d + 11*d = 98. Suppose -4*b = 3*x - 373, b + d = -x + v. List the prime factors of b.
97
Let l = -55 + 58. Suppose -3*i - 18 = -2*g + l*g, -2 = g - i. List the prime factors of g/8*(-504)/3.
2, 3, 7
Let d(o) = 8*o**2 + 12*o - 6. Let g be d(4). Let f = 344 - g. Let u = f + -90. What are the prime factors of u?
2, 3, 7
Suppose -2*m + n + 2207 + 1567 = 0, 5*m - 9487 = -4*n. List the prime factors of m.
31, 61
Let d be (-2 - 20) + (-4 - -2 - -5). Let r(i) = i**2 - 2*i + 2. Let j be r(-5). Let x = d + j. List the prime factors of x.
2, 3
Let k be (-2)/3*(5 + -11). Let v(t) = t**3 - 3*t**2 - 3*t + 3. Let z be v(k). Let d = 1 + z. List the prime factors of d.
2
Let g = -70324 + 125316. What are the prime factors of g?
2, 7, 491
What are the prime factors of ((-13)/(65/(-3385)) + -9)*59?
2, 59, 167
Suppose 1729*g = 1683*g + 2238314. List the prime factors of g.
13, 19, 197
Suppose -22*t = -26*t + 9744. Suppose 6*y = 72 + t. What are the prime factors of y?
2, 11, 19
Let b = 64 - 63. List the prime factors of (b + 12/3 + 66)*1.
71
Let o = -407 + 1110. Suppose 2*u + 1341 = -o. List the prime factors of (-6)/10 - u/70.
2, 7
Let u = 622 + -622. Suppose 8*c - 1890 - 1702 = u. What are the prime factors of c?
449
Let k(r) be the second derivative of 7*r**4/12 - r**3/2 + 408*r. Let m be 2/6 - (-16)/6. What are the prime factors of k(m)?
2, 3
Let s = 121068 - 85825. Suppose 0 = 20*c - s + 1443. What are the prime factors of c?
2, 5, 13
Suppose 209 = 5*g + 44. List the prime factors of (-155)/(-31)*3*g.
3, 5, 11
Suppose -3*u - 2*l - 42 = 0, 0*u + 42 = -4*u + 2*l. Let k = 4163 - 4190. What are the prime factors of (k/u)/(6/120)?
3, 5
Suppose 58*s - 18 = 52*s. Suppose s*v - 6*p - 3377 = -p, 5*v = 3*p + 5623. List the prime factors of v.
2, 281
Suppose -3 - 1 = -w + 2*a, a = -2. Suppose -8 = -2*u - w. Suppose 5*y - u*d - 14 = 0, -15 = -5*y + 7*d - 2*d. What are the prime factors of y?
2
What are the prime factors of 507114/(-18)*(-6)/((-180)/(-50))?
5, 9391
Suppose -36 = -2*h - 60. List the prime factors of h/14 + (-1134395)/(-665).
5, 11, 31
Suppose 0 = 5*g + 10, -3*c + 0*c - 20 = -2*g. Let d be 36/15*(-20)/c. Suppose -d*u = u - 686. What are the prime factors of u?
2, 7
Let y(u) = 6134*u**2 + 310*u + 919. What are the prime factors of y(-3)?
5, 7, 19, 83
Let l be ((-8)/60*27)/((-6)/(-20)). Let d(s) = -20*s - 4. List the prime factors of d(l).
2, 59
Let k(c) = -540*c - 4. Let z be k(-3). Suppose -z = -5*m + 404. What are the prime factors of m?
2, 101
Suppose -4*y + 5*s = -21441 - 7122, 4*y + 3*s - 28571 = 0. What are the prime factors of y?
2, 3571
Let r = -19 + 49. Let l be 20/r*((-674)/(-4) - 2). What are the prime factors of (-21)/(-7) + -1*1 + l?
113
Let f(u) be the second derivative of u**3/6 + 99*u**2/2 - 152*u + 2. Suppose 0*t + t = 0. What are the prime factors of f(t)?
3, 11
Let u be 627 + ((-18)/(-3) - 4). Suppose -u = -4*p + 891. Let x = -268 + p. What are the prime factors of x?
2, 7
Let s(c) = c**3 - 36*c**2 - 32*c - 79. Suppose -215 - 155 = -10*z. What are the prime factors of s(z)?
2, 53
Let u(k) = 2*k**2 + 4*k - 7. Let n be u(-4). Suppose 0 = 3*x - n, -3*g + 408 = 4*x - 1482. What are the prime factors of g?
2, 313
Let j(u) = -u**2 - 45*u + 7549. List the prime factors of j(0).
7549
Let m(q) = -q**3 + 2*q**2 - 5*q + 14. Let p be m(4). Suppose -2*n + 2*h - 242 = -4*n, 0 = -n - 4*h + 121. Let c = n + p. List the prime factors of c.
83
Let j = 29304 - 21204. List the prime factors of j.
2, 3, 5
Suppose w - 115 = -247. Let f = 8 - w. List the prime factors of f.
2, 5, 7
Suppose 22*s = 48440 + 24600. What are the prime factors of (s/12 + 7)*3?
23, 37
Let x(b) = 3*b**3 - 15*b**2 + 5*b - 22. Let j be x(5). Suppose 5*z + h = 2240, -4*z + j*z - 2*h + 457 = 0. List the prime factors of z.
3, 149
Let l(v) = 138*v**3 + 16*v**2 - 62*v + 99. What are the prime factors of l(5)?
3, 5813
Suppose -2*j + 61907 = 7*h, 2*j - 61857 = 6*h - 3*h. List the prime factors of j.
2, 3, 1289
Suppose p - 48 = -182. Suppose 4*y + 138 = -v, -y - 4*v + 942 = 984. Let q = y - p. List the prime factors of q.
2, 5
Suppose 0 = 40*n + 120142 - 435142. List the prime factors of n.
3, 5, 7
Suppose -4*y - 9 + 33 = 0. Let d be y - (13 + -4)/(-3). Suppose 4*l = 4*v - d*v + 612, 4*l - 4*v = 612. What are the prime factors of l?
3, 17
Suppose 9*x = 6*x + 9*t + 171, 4*x - 5*t = 193. Let g = 3 + -4. What are the prime factors of x/56 + g*1167/(-12)?
2, 7
Suppose 3*j = 3*h - 558, -12*j + 10*j + 780 = 4*h. Suppose -2*t - 1026 = -5*t. Suppose h + t = 6*q. What are the prime factors of q?
89
Suppose 96652 = 58*n - 107924 - 8980. What are the prime factors of n?
2, 7, 263
Let d be (12/(-10))/(-7 - (-288)/45). Suppose -4*f = -w + 621, d*f = 4*w - 1274 - 1210. List the prime factors of w.
3, 23
Let f(v) = v - 2. Let a be f(0). Let o be a - -4 - (1 + 1). Suppose o = -2*r + 2*x + 258, -r + 4*x + 385 = 2*r. List the prime factors of r.
131
Let c(u) = -4*u + 3 - u + 4*u. Let d be c(-2). Suppose 4*f - 5*a - 193 = f, -5*f = d*a - 255. What are the prime factors of f?
2, 7
Let t = 12 - 8. Suppose -t*q = -18 + 10. Suppose -q*f - 170 = -4*f. What are the prime factors of f?
5, 17
Suppose 11*h - 2*p = 10*h - 119, -2*h - 234 = -3*p. Let k be (-2 - -15)/((-1)/21). Let q = h - k. What are the prime factors of q?
2, 3
Let y be 2 - 4 - (-2)/1. Suppose -5*h - 4*m + 20 = y, -2*h - h + 9 = 3*m. Let z = h - -16. What are the prime factors of z?
2, 3
Suppose h - 18 - 33 = 0. Let i = h - 44. Let k(y) = y + 26. List the prime factors of k(i).
3, 11
Let i(r) = -90*r + 57. Let n be i(-8). Suppose 0 = -8*f - n + 8505. What are the prime factors of f?
2, 3, 7, 23
Suppose -218*f = -209*f - 56394. List the prime factors of f.
2, 13, 241
Suppose 3*i = 4*i - 505. Suppose -4*c - i = c. Let d = 299 + c. List the prime factors of d.
2, 3, 11
Let g be 4*44/16 - (-2)/2. Suppose -9*l + 11*l + g = 0. What are the prime factors of 236/l*((-9)/6)/1?
59
Suppose 4*r + 2*l = 6558, 2*r + 0*r = 3*l + 3283. Suppose -7*